- (-16 - 8))?
-37
What is 31 - (1 - -5 - (-11 + (26 - 5)))?
35
What is the value of (-138 + 109 - (0 + -23)) + -16?
-22
What is the value of 1 + 74 + 341 + -370?
46
What is the value of 45 + 1 - (-15 - (58 - 74))?
45
Calculate 20 + -34 - (6 + (-32 - -11)) - 24.
-23
Evaluate -14 + 25 + -22 + 2 + -18.
-27
(5 + -14 - -34) + -73
-48
What is the value of 24 - (36 - (-17 - 3 - -28))?
-4
What is the value of (-65 - -30 - -59) + (-1 - (-5 + 8))?
20
What is the value of -12 + (-35 - (-8 - 13))?
-26
What is -22 + (1 - -33) - (-2 + 13) - (-86 + 4)?
83
Evaluate (-2 - (2 + 18)) + (249 - 202).
25
-20 + -81 + -21 + (23 - 22)
-121
What is -17 + 32 + -81 - -8?
-58
Calculate (194 - 260 - (1 + -10) - (3 - -5)) + 3.
-62
47 - (54 - -27) - (-122 - 2)
90
Calculate (47 - -33) + -35 - (0 + 11).
34
Evaluate -18 - (-22 - (4 - 4)) - (15 - 6).
-5
What is 86 - -2 - (16 - 15 - (43 + -42))?
88
Calculate (965 - 815) + (-210 - -1).
-59
What is the value of 31 - 0 - (-46 - 104 - -255)?
-74
Evaluate -10 - 1 - (-4 + 18 + (18 - -6 - 10)).
-39
What is 1002 - 1090 - (-23 + 0)?
-65
70 - (-31 + (51 - -82))
-32
What is the value of (-5 - 1) + (-4 - -10) + 1 + 3 + -9?
-5
Evaluate -33 + (41 - 10) + 0 + -23 + -49.
-74
What is the value of (680 - 648) + 25 + (-3 - -3)?
57
Calculate (-161 - -89) + 131 - 36.
23
Evaluate (-12 - 14) + (-60 - -49) + 15 + 1.
-21
What is the value of -97 - (-63 + 65 + (3 - 4) + 12 - 11)?
-99
Calculate 27 + (-50 - -32) + (130 - (-10 + (14 - 9))).
144
-47 + (29 - (46 + -6)) + 14 + -1
-45
Evaluate 136 + (-6 - -9) - (-777 - -801).
115
What is the value of (9 - (-36 + 25) - 95) + (6 - 0 - 21)?
-90
What is the value of -5 - (-2 + -19 - 10) - (0 + -4)?
30
What is (5 + -15 - (-22 - -23) - (1 - -2)) + 9?
-5
Calculate 17 - (0 + -11 - -18 - (1 - 11)).
0
What is -4 + 46 + 7 + -44 + 15?
20
What is the value of 4 + -59 - -29 - ((8 - 6) + 8)?
-36
What is the value of (19 - (-64 - 3)) + -24?
62
Evaluate (4 + 43 - (-27 - -30)) + -1.
43
What is the value of 0 - (-17 - -3) - (51 - (7 - 14))?
-44
What is 4 + -45 - -105 - 78?
-14
Evaluate -115 + 94 - (0 - 1 - 30).
10
Calculate -3 + 9 + -93 + 156 + -2 + (8 - 3).
72
What is 69 + -66 + -73 + 72?
2
-151 + 49 + (0 - 27 - (-23 - -13))
-119
Evaluate (-3 + 9 - 36) + (-19 - (-7 + -3 + -1)).
-38
Calculate -75 + -60 - -86 - -121.
72
What is 65 + (-26 + -14 + 26 + -6 - -5)?
50
Evaluate -35 - -19 - (2 - (16 + -6)).
-8
What is 1 - 5 - ((-322 - -171) + 55)?
92
Calculate 130 + -114 + (-5 - 2) + 62 + -86.
-15
What is (6 - -1) + (-14 - -52 - 57) - 49?
-61
2 + -8 + 0 + (6 - -14) - (1 - -8)
5
-11 + 5 - ((-87 - 0) + (16 - (0 + 11)))
76
What is (-400 - -313) + -1 + (22 - 3) + 8?
-61
Calculate -14 + (-5 - 22 - 9 - (-18 - -6)).
-38
What is the value of 28 + (-2 - 26) + -3 + 17 + -81?
-67
What is the value of 17 + (-14 - 18 - -14) - (63 + -5)?
-59
What is the value of (2 + -1 - 10) + (-185 - -196) + 0 + -2?
0
What is -5 + 0 - 0 - (-48 - 71 - -179)?
-65
Calculate 11690 + -11705 + -31 + (1 - 2).
-47
Evaluate (-108 - -111) + 24 + -135 + 3.
-105
What is (-8 - -7) + 0 - -6 - (-16 + 53)?
-32
25 + 0 + (68 - (54 + 23)) - 1
15
Evaluate (58 + -141 - -6) + 138.
61
104 + -134 + (2 - (3 + -1 + 3 - 1))
-32
Evaluate (32 - 29) + 1 + (9 - (-4 - 1)).
18
Calculate 32 + -35 + (-3 - 21).
-27
Evaluate -17 + 19 + (-144 - -194).
52
Calculate 29 + -31 + (4 + -13 + 5 + -2 - 48).
-56
Evaluate 16160 + -16070 + -1 + -47.
42
Calculate 55 + 0 + (5 + -9 - -10) - 16.
45
-574 - -556 - (-32 + -2 + -1)
17
What is (52 - (-16 - -18)) + -2 + -17?
31
What is 2 + 2 + -1 - -5 - (0 + 51 + -7)?
-36
(-6 - (0 - (22 + -26))) + (-45 - 2)
-57
What is 11 + -4 + -20 + 15 + -45?
-43
What is -66 + -64 + 70 + 11?
-49
What is (-2 - 35) + -2 - (-22 + -2 + 21)?
-36
What is -3 + 12 + -6 + -21 + 30 + 15?
27
What is the value of -11 + 1 + 42 + (-8 - -3) + (7 - 1)?
33
What is the value of 34 + 16 + -20 + -15 - 50?
-35
What is -1439 + 1551 + (2 - 62)?
52
4 - -25 - -85 - (-18 + -1 + 34 + -28)
127
Calculate (-18 + 3 - 0 - (-1405 + 1400)) + -51.
-61
What is (13 - (-34 - 10)) + -6?
51
Calculate -28 + 47 - (23 + -57 + 0).
53
Calculate 5 + -13 - (-17 + 2).
7
What is 120 + -56 + -73 - (18 + 1)?
-28
What is (16 + 23 - 26 - -9) + (-73 - -1)?
-50
(3 + (-24 - -21) - -15 - -56) + -17
54
What is the value of 38 + (-13 - -1) - (90 + -56)?
-8
What is the value of -44 - (12 - (-5 + 79))?
18
What is -151 + 143 + (4 - (5 + 3)) + 107?
95
What is the value of 15 - 62 - (55 + -88)?
-14
Evaluate -40 - (-41 - (-15 - 20)).
-34
274 - -76 - 267 - (1 + -7 + 2)
87
Calculate 14 - ((11 - -7) + -36).
32
-59 - (-1 - -9 - (-18 - (-40 - -6)))
-51
Calculate -35 + 2 + -23 - -104.
48
What is the value of -11 + (41 - 20) - (-27 - (-5 - -1))?
33
Evaluate 616 + -602 + -26 + -2 + 0 + 1 - -54.
41
Evaluate 149 - 96 - -2 - (0 + 1 + 1).
53
Calculate (-131 - (-250 - -156)) + -96.
-133
Calculate -8 + (18 - 1 - ((-15 - -91) + 14)).
-81
What is 20 + -29 + (0 - -16) - (-24 + 12)?
19
Calculate 14 + -14 + 8 + -32 + 0.
-24
1 + (-54 - 1) - (-32 - -22)
-44
Calculate 65 - (53 - (28 - -25)).
65
Calculate (-10 - 2 - (-4 - -1)) + (-161 - -149).
-21
Evaluate 0 + -2 + (1 - -1) - (13 + 6 + 24).
-43
What is the value of -21 + -16 + 43 + -21?
-15
-71 + 30 + (-43 - -8) + 9 + -1 + 5
-63
What is 4 - (19 - 5) - (-1 - 43)?
34
Evaluate (624 - 615 - (14 + -2)) + -27.
-30
Calculate 29 + 102 + -162 - 41.
-72
What is the value of (-96 - (-101 - -48)) + 79?
36
What is 64 - (49 - -21) - -80?
74
What is the value of (45 + -11 - -5) + -25 - (27 + 0)?
-13
Calculate 21 - (-48 - (-129 + 9)).
-51
Evaluate 6 + -131 + 112 + (55 - 1).
41
Calculate 174 + -190 - ((6 - 11) + -29).
18
Evaluate -54 - (38 + -61 + 19) - (0 - 0).
-50
What is (86 - 6) + -13 + 2 + 19 + -38?
50
What is (-43 - -61) + -9 - -75?
84
Calculate -8 + -6 + (21 + -11 - -30).
26
Evaluate 6 + -14 + -5 - (30 + -29 + (2 - 0)).
-16
Evaluate (-6 - 6) + 2 - (-1 + -11 - -17).
-15
What is the value of (66 - (-23 - -47)) + -71 + (-18 - 3)?
-50
Evaluate 2 - (-1 - -5 - 26) - (-27 + (-67 - -90)).
28
-5 + -1 + (-31 - -26) + (-5 + 15 - 7)
-8
Calculate (-12 - -35 - 52 - (11 + -3)) + -7.
-44
(28 - -3 - 19) + (1 - (3 + -1)) + -5
6
What is the value of (-4 - 15 - (-39 + 24)) + -37?
-41
(-14 - -25) + (8 - (1 + (-6 - 1)))
25
What is the value of -66 + 104 - ((0 - -10) + (-8 - (21 + -34)))?
23
What is (12 + 4 - -86) + -59?
43
Calculate (-18 + 20 + -21 + 18 - (1 - 15)) + -74.
-61
Calculate -4 + 5 + (-7 - -11) + (0 - -28).
33
What is -22 - ((7 - (-12 + 70 - -19)) + 5)?
43
Calculate (9 - 8) + (9 - (15 - 11)) - 8.
-2
(58 - (-47 + 92)) + -35
-22
Calculate (-5 - 5) + -5 + (-132 - -133) - -55.
41
Evaluate -16 + 3 + -1 - (-45 + (10 - -28)) - -59.
52
(3 - -3) + -16 - (60 + -11 + -3)
-56
What is 0 + 8 + -50 + 41 + (4 - 20) + -41?
-58
Evaluate -38 - (-2 - 24 - (-4 - 14)).
-30
Evaluate 127 + -19 + -134 - 109.
-135
-26 + 62 + -27 + -18 + 33
24
What is (-61 + 11 - -8) + (-7 - (-14 - 0) - 8)?
-43
Evaluate (-19 - (13 + -3)) + 37 + -45 + -1.
-38
Calculate 10 + -12 + 5 + (42 - 23) + 33.
55
52 - (3 - (5 - -5))
59
What is the value of 34 + -38 + (-6 - 1) + (-3 - -27)?
13
What is the value of (4 + -3 - -5) + (-38 - -105 - 200)?
-127
-3 - 1 - (8014 - 8109)
91
What is 0 - ((-4 - (9 - (-1 - -8))) + (30 - 21))?
-3
What is the value of (724 - 780) + 118 + -5?
57
What is the value of 67 - 70 - (3 - (0 - 4) - (-5 + 11))?
-4
What is 19 + 0 + -104 + -1126 + 1147?
-64
(1 - -2) + (10 - (58 + -14)) + 116
85
-5 + 2 + -4 + -2 + 12 + -40 + 7
-30
Evaluate (53 - -9) + (-170 - -177).
69
-44 - (-39 - (43 + -1 + -144))
-107
Calculate (16 - 37) + (-9 - 1) + 78 + 1.
48
Calculate 0 + (0 + -4 - (2 + 1 + -6)).
-1
54 - ((4 - 16) + -9 + 18) - -18
75
Evaluate 0 + 5 - (-102 - (-28 + -106)).
-27
Calculate 2 + -15 - (-151 - -118).
20
-23 - (-19 - (-19 - (-1 - -1)))
-23
Calculate -24 + (8 - (6 - 0)) - -8 - 29.
-43
What is the value of 2482 - 2490 - (41 - (-4 - 2 - -3))?
-52
What is -159 - (37 - 98) - -31?
-67
What is the value of ((68 - 14) + -25 - 122) + 22?
-71
Evaluate 7 + (5 - 3) - (21 - (3 + 18)).
9
What is the value of -3 + (50 - ((19 - -16) + -8))?
20
What is the value of -1 + 2 + 0 + -13 + -14 + -47?
-73
1 - (0 + (0 - 31)) - (231 + -498 - -274)
25
What is -31 - (-100 + 224 + -71)?
-84
Calculate 10 + (3 - 37 - 2) + 155 + -155.
-26
Evaluate (-10 - (-20 - 30)) + -2 + 2 + 4.
44
Evaluate 26 - (90 + 59 + 